 12590 is divided by c.
6
Calculate the remainder when ((-128)/(-5))/(25366/(-1210) - -21) is divided by 135.
29
Let t = 291 + 84. Suppose -50*v - 13*v + 868 = -v. Calculate the remainder when t is divided by v.
11
Let h = -73 + 256. Suppose 3*j - h = -0*m + 3*m, -4*m + 86 = j. Let k = j + -60. Calculate the remainder when 35 is divided by k.
5
Suppose -u - 73 + 77 = 0. Suppose -u*p - 93 = -m, 220 = 3*m + p - 85. Calculate the remainder when m is divided by 29.
14
Suppose -1245 + 1500 + 10536 = 109*b. Calculate the remainder when 294 is divided by b.
96
Calculate the remainder when (1785/(-135) - -13) + (-886)/(-18) is divided by (4/(-6))/(7/(-189)).
13
Let a(g) = 12*g + 95. Let f(n) = -11*n - 95. Let y(k) = 5*a(k) + 6*f(k). What is the remainder when 189 is divided by y(-19)?
18
Let c(u) = 3*u**3 - u - 1. Let v(y) = 14*y**3 - 11*y**2 - 9*y - 47. Let s(q) = -5*c(q) + v(q). Calculate the remainder when s(-12) is divided by 31.
26
Let t(c) = 95*c - 5496. Suppose 14*p - 10*p - 2604 = 0. What is the remainder when p is divided by t(59)?
106
Suppose 0 = -46691*k + 46621*k + 2520. Let t = -290 - -430. Calculate the remainder when t is divided by k.
32
Suppose -139*v = -96*v - 68069. What is the remainder when v is divided by 22?
21
Let c = -60 + 124. Let d be (9316/(-51))/((-4)/48*2). Let u = -1085 + d. What is the remainder when c is divided by u?
9
Suppose -3*x + d = -3124, -9*x + 6*x = d - 3128. Calculate the remainder when x is divided by 12.
10
Let n(b) = b**3 + 8*b**2 - 4*b + 5. Let m be n(-8). Suppose 3 = 5*t - m. Let u(w) = 97*w + 20783. Calculate the remainder when u(-214) is divided by t.
1
Suppose 0 = 2*b + 2*v - 2716, -102*b + 98*b + v = -5462. Calculate the remainder when b is divided by 48.
20
Suppose -3*k + 23 = 4*u + 279, -3*u - 221 = -5*k. Let g = u + 100. Let l(v) = 18*v - 29. What is the remainder when l(7) is divided by g?
31
What is the remainder when 1 - -1 - (2 - -4) - (-369 - -48) is divided by 131?
55
Suppose 3*c - 10 = 8. Suppose -2*h - 20 = -d, 0 = -2*h + 3*d - c*d - 12. Calculate the remainder when 35 is divided by 1 + (-75)/h + (-1)/3.
8
Let c = -1595 - -1666. What is the remainder when 150 is divided by c?
8
Suppose 15*t = 51*t - 216. Let w be (0 - -1)*(2 + -2). Let s = t + w. Calculate the remainder when 17 is divided by s.
5
Let k(m) = -2*m**2 + 106 - m + 4*m**2 - 18*m. Let a = -47 + 68. What is the remainder when k(8) is divided by a?
19
Let d(u) = -5*u**3 + 5*u**2 - 3*u - 2. Let p be d(4). Let j = -179 - p. Let o = 506 - 480. Calculate the remainder when j is divided by o.
23
Let o = 0 - -4. Suppose 0 = 3*k + 12, -4*k = o*z - 648 - 488. Let j = -19 + 48. What is the remainder when z is divided by j?
27
Let q(m) = -4*m + 24. Let v(j) = -1. Let a(k) = -q(k) - v(k). Let x(t) = -6*t + 70. What is the remainder when a(10) is divided by x(10)?
7
Suppose -11*x + 36*x + 48*x = 1679. Suppose 0 = 3*h - 198 - 75. What is the remainder when h is divided by x?
22
Let h(t) = -29*t + 79. Let w(r) = 13*r**2 + 3*r + 3. What is the remainder when h(1) is divided by w(-1)?
11
Let p be (-4)/(-6) + (-155)/3. Let y be -8 + 7 + -2 + -1 + 78. Let r = y + p. Calculate the remainder when 91 is divided by r.
22
Suppose o = 2*o + 5*a - 3, 4*a = o + 42. Let c = o + 26. Let h = 16 + -10. What is the remainder when h is divided by c?
2
Let g(o) = o**3 - 6*o**2 + 3*o + 1. Let i be g(3). Let z = i - -21. What is the remainder when 18 is divided by 0*(-2)/z + (-9)/(-3)?
0
Let w be (-1)/(20/(-90))*2/1. Let g(z) = -5 + 5*z**2 + 12*z + 4 - 6*z**2 + 15. Calculate the remainder when g(w) is divided by 12.
5
Let b(c) = 21*c**2 + 2*c + 1. Calculate the remainder when 212*1*48/64 is divided by b(-1).
19
Let x(v) = -v + 4. Let s be (-228)/2 - (-2 + 8). Let z = 121 + s. Calculate the remainder when x(-2) is divided by z.
0
Let n be (-1)/(-4) + (4 - (-212)/(-16)). Let s(i) = -11*i - 69. What is the remainder when 1/(-2) + (-598)/(-4) is divided by s(n)?
29
Let v be (-2790)/40 - (-1)/(-4). Let d = -34 - v. What is the remainder when d/15*(-180)/(-8) is divided by 28?
26
Suppose -5*s = -5*h + 720, -s + 5*h - 65 - 87 = 0. Let w = 160 + s. What is the remainder when 28 is divided by w?
10
Let h(u) = 151*u**2 - 23*u - 24. Calculate the remainder when h(-1) is divided by 126.
24
Suppose -26 = 2*q + 2*n, 44 = -5*q + q - 2*n. Calculate the remainder when ((-1)/(-5)*q)/(3/(-105)) is divided by (1*-23)/(2/(-2)).
17
Let g(s) = -s**2 + 14*s - 3 + 5 - 3. Let c be g(11). Suppose 6*w - 64 = c. Calculate the remainder when 78 is divided by w.
14
Let q(x) = -3*x - 9. Let k = -69 - -106. Let w = k + -44. What is the remainder when q(w) is divided by 4?
0
Suppose -3*g - 6*z = -2*z - 21, -5*z = -g + 64. Suppose 0*y - 3*q = -4*y + 815, 1024 = 5*y - 2*q. Calculate the remainder when y is divided by g.
16
Suppose 0 = -4*f - 4*s + 92, f + 44*s = 39*s + 31. Let k = -152 + 214. Suppose 58 = 3*c - k. What is the remainder when c is divided by f?
19
Suppose 0*i - 28686 = -42*i. Calculate the remainder when i is divided by 312.
59
Suppose -142*u = -140*u - 5*r - 14130, u + 3*r = 7076. Calculate the remainder when u is divided by 52.
50
Let v be 26/(-12)*(-8 - -2). Suppose b - 52 + v = 0. Suppose m = -4*m + 770. Calculate the remainder when m is divided by b.
37
Suppose -3*j - 1383 = 5*t, t = 4*j - 634 + 2455. Let y = -367 - j. What is the remainder when y is divided by 7?
5
Suppose -3593*p + 7997 = -3582*p. What is the remainder when p is divided by 63?
34
Suppose 1 = -4*a - 11, -4*a - 124 = -2*q. Suppose -q*g = -53*g - 3, -2*p = 3*g - 43. Calculate the remainder when 67 is divided by p.
7
Suppose 39*m + 63828 = 41*m - s, 5*m = -4*s + 159570. Calculate the remainder when m is divided by 65.
64
What is the remainder when 52 is divided by (0 - (1 - -1)*-46)*46/92?
6
Let c(f) = 76*f**2 - 203*f - 611. What is the remainder when c(-3) is divided by 209?
55
Suppose -19*r - 5680 = -23*r - 4*f, 1440 = r - 4*f. Calculate the remainder when r is divided by 31.
29
Suppose 623*q - 616*q - 546 = 0. Calculate the remainder when q/18 + -5 + 2670/9 is divided by 23.
20
Let o be (-10)/(-15) + 20/15. Let v be (3 - 9)/o + 42. Let r = v + -19. What is the remainder when r is divided by 7?
6
What is the remainder when 1503 is divided by (-10 - (-84)/9)/(6/(-153))?
7
Suppose -26130 = 24*b - 39*b. Let s = b - 1037. What is the remainder when s is divided by 101?
99
Let c(v) = 4*v**2 - 2*v - 4. Suppose 9*w - 6*w = -12, -2*r + 22 = -w. What is the remainder when c(4) is divided by r?
7
Let r(z) = 2*z + 27. Let d be r(-12). Suppose 194 = d*f + m, -m - 85 = -2*f + 36. What is the remainder when f is divided by 11?
8
Suppose 60*s - 8776 - 4120 = -44*s. What is the remainder when s is divided by -10 - -12 - (-7)/1?
7
Suppose -4 = -4*s + 28. Let h = 467 - 305. Suppose 2*u = -4*y + h, -u + 5*y + 80 = 6. What is the remainder when u is divided by s?
7
What is the remainder when 278/8 + 4/16 is divided by (-1121)/(-95) + 3/15?
11
Suppose -4*k - 5*a - 22 - 7 = 0, -5*a - 21 = -4*k. What is the remainder when 93 is divided by (-2 - k)/((-1)/20)?
13
Calculate the remainder when 503 is divided by (-46 + 36)*2/(-4).
3
Suppose c = -3*r + 75, -3*c = -0*r - 5*r + 111. Let y = -16 + r. What is the remainder when 21 is divided by y + (-1 + 0)/(3/(-9))?
10
Suppose 4*a - 35 = 33. Let y = a + -13. Suppose -2*w - d = -115, 4*d = -y*w + 4 + 216. What is the remainder when w is divided by 21?
18
What is the remainder when (8 + -9)/(10/(-1320)) is divided by 17?
13
Suppose -1717*s + 1715*s + 25 = n, 4*s + 88 = 4*n. Let d(g) = g**3 - 5*g**2 + 3*g - 6. What is the remainder when n is divided by d(5)?
5
Suppose 2*i = -10 + 20. Suppose i*r + 2 = 4*r. What is the remainder when r - 55/(-4) - 4/(-16) is divided by 6?
0
Suppose -213502 + 16461 = -299*o. What is the remainder when 762 is divided by o?
103
Let k(y) = 366*y + 1151. Calculate the remainder when 159 is divided by k(-3).
0
Let q = 5958 + -5633. Calculate the remainder when 652 is divided by q.
2
Calculate the remainder when 634/2 - (52 + -49) is divided by 64.
58
Let z = -10 - -12. Suppose 0 = z*h - 86 - 296. What is the remainder when h is divided by 16?
15
Let d = -270 - -298. Suppose 4*k - 3*y - 30 = 34, -3*k + y + 53 = 0. What is the remainder when d is divided by k?
9
Let x 